-119. What is the remainder when f is divided by 14?
12
Suppose 128 = 5*b + 4*s - 133, -4*b + s = -213. Let o = -8 + 22. Calculate the remainder when b is divided by o.
11
Let c(u) = 44*u**3 + u - 1. Let t(x) = x**3 + 7*x**2 - 11*x + 7. Let h be t(-8). Let k = h - 16. What is the remainder when c(1) is divided by k?
14
Let g(d) be the first derivative of d**4/4 - d**3 - d**2 + 7*d + 6. Calculate the remainder when 58 is divided by g(4).
13
Suppose -4*f + 182 = r + 38, 4*r = -5*f + 169. What is the remainder when f is divided by 8 - (1 - (5 - 2))?
7
Suppose -11*n = -2*n - 315. Calculate the remainder when 419 is divided by n.
34
Let f = -970 - -991. Calculate the remainder when ((-21)/(-6))/((-2)/(-44)) is divided by f.
14
Let m = 12 - 2. Let n(h) = 2*h**3 + 5*h**2 + 3*h + 10. Let j be n(-4). Let v = -46 - j. What is the remainder when m is divided by v?
2
Let g be ((-20)/(-6))/((-3)/540*4). Calculate the remainder when g/(-18) - (-1 + 3)/6 is divided by 6.
2
Let d(a) = 30*a**2 + 3*a - 5. What is the remainder when d(3) is divided by 69?
67
Let q(r) = 3*r**3 - 11*r**2 + 17*r + 41. Calculate the remainder when q(10) is divided by 151.
148
Let k(s) = 8*s + 12. Let w be k(5). Let p = -42 + w. Calculate the remainder when 29 is divided by p.
9
Let c(u) = -6*u + 24. Let o(y) = 1. Let r(j) = -2*c(j) + 44*o(j). Let v be r(5). Suppose 3*x = -x + v. Calculate the remainder when x is divided by 4.
2
Suppose -2*r + 23 = 3*k, k - 9 = 2*r + 4. Suppose -l + 13 = -4*f, 4*f - 17 = -k. Calculate the remainder when 71 is divided by l.
8
Suppose -7*w = 8*w - w. Suppose -4*j + w*j = -56. What is the remainder when j is divided by 5?
4
Suppose -g - 3*g = 24. Let l(r) = 24*r**2 + 8*r - 7. What is the remainder when 583/6 + 1/g is divided by l(1)?
22
Let k = 382 - 368. What is the remainder when 38 is divided by k?
10
What is the remainder when (1/(-6))/((-6)/(-6822))*-2 is divided by 64?
59
Suppose 310 = 5*u - 60. Suppose 0*f + f - u = 0. Calculate the remainder when f is divided by 19.
17
Let z = -19 + 23. Suppose -4*v = -5*w + 171, 0*w + 3*w + z*v = 109. Calculate the remainder when w is divided by 19.
16
Calculate the remainder when 27/18*(48 - 2) is divided by 22.
3
Let t(d) be the third derivative of -d**5/60 - 7*d**4/12 + 37*d**3/6 + 5*d**2. What is the remainder when t(-16) is divided by 2?
1
Let i = 119 - 78. Let w(t) = 11*t**3 + 3*t**2 - t. Let m be w(2). Suppose 4*b = -2*n + 94, b - 6*b + 4*n + m = 0. What is the remainder when i is divided by b?
19
Suppose 0*q - 3*q + 3*w + 9 = 0, 10 = 5*w. Suppose -x = -6 - q. What is the remainder when x is divided by 6?
5
Let m = -19 + 31. Let i(y) = -2*y**3 + 12*y**2 - y - 13. Let v(x) = x**3. Let u(c) = -i(c) - v(c). What is the remainder when u(m) is divided by 7?
4
Let o(f) = -f**2 - 11*f + 12. Let m = -17 + 5. Let d be o(m). Suppose -l + d*l = -9. What is the remainder when 15 is divided by l?
6
Let k(g) = -34*g + 146. Calculate the remainder when k(-4) is divided by 72.
66
Suppose 0*b - 54 = 9*b. Calculate the remainder when 22 is divided by 115/15 + (-2)/b.
6
Let g = -83 - -75. Let z(y) = -3*y - 18. Calculate the remainder when 63 is divided by z(g).
3
Let f(j) = 35 + 0*j**2 - 3*j + 52 + 2*j + j**2. Calculate the remainder when f(0) is divided by (0 - -1) + (-16)/8 - -31.
27
Let z be (-3 - -5)/((-3)/72). Let u = 75 + z. Calculate the remainder when u is divided by 11.
5
Let w = -45 - -75. Suppose w*j + 10 = 32*j. Calculate the remainder when (j + -2)*(37 - -2) is divided by 24.
21
Suppose -8*x + 6 = -6*x. What is the remainder when 10 is divided by x?
1
Let x(h) be the second derivative of -7*h**3/2 + 13*h**2/2 - 27*h. What is the remainder when x(-6) is divided by 14?
13
Let p = -67 - -106. Let t = p + -27. Calculate the remainder when 46 is divided by t.
10
Let h(s) = 19*s - 153. Calculate the remainder when 108 is divided by h(10).
34
Suppose 0 = -5*q - 4*f + 529, 12*f - 7*f = -5*q + 525. What is the remainder when q is divided by 11?
10
Let l(r) = 3*r + 9. Let k be 9/(18/(-4)) + -2. Let h be l(k). What is the remainder when 23 is divided by 168/70*(-10)/h?
7
Suppose -2*s = 3*f - 79, s - 30 = -4*f + 17. Calculate the remainder when 136 is divided by s.
31
Let b(x) = -x**2 + x + 27. Calculate the remainder when ((-20)/(-15))/((-3)/(-117)) is divided by b(0).
25
Let w = 285 + -202. Suppose 5*n = 3*d - 248, 0*n = -d + 2*n + w. Calculate the remainder when d is divided by 21.
18
Let h(n) = 3*n**2 + 37*n + 27. Let d(r) = -2*r**2 - 25*r - 18. Let o(x) = 7*d(x) + 5*h(x). Calculate the remainder when o(-11) is divided by 6.
2
Suppose -30 = -4*t + 2*g, 0 = -0*g + 3*g - 3. Let q(j) = j**3 - 5*j**2 - 2*j - 1. Let w = 29 + -23. What is the remainder when q(w) is divided by t?
7
Let y(q) = -8*q - 30. Let h be -11 + (-2)/(-4)*-2. What is the remainder when y(h) is divided by 23?
20
Suppose -v - 3 + 6 = 0. Suppose -3*f + 2*q - 31 = 0, -q + 6*q + v = -4*f. Let u = f - -11. What is the remainder when 7 is divided by u?
3
Let u(p) = 3*p + 103. What is the remainder when 173 is divided by u(-15)?
57
Let l = -54 - -79. Suppose -2*s + 3*j = -82, -2*j = -s - l + 68. Calculate the remainder when s is divided by 0 - -1*(-5)/(15/(-57)).
16
Suppose 33 = -6*z + 315. Let u = z + -45. Calculate the remainder when u is divided by 2.
0
Suppose -4*i + g + 237 = 0, -1 = -g - 6. Calculate the remainder when i is divided by (-28)/(-7) + 10 - 2.
10
Calculate the remainder when (-8)/16*8*-29*1 is divided by 15.
11
Let u(z) = 2*z**3 + 5*z - 6. Let l be u(4). Suppose 3*o - l = 107. Suppose 3*i - i = -4*k + 38, -2*k = -5*i + o. What is the remainder when 33 is divided by i?
16
Let s be (1/3)/((-10)/1650). Let l = s + 63. What is the remainder when 27 is divided by l?
3
Suppose 0 = -2*z - 2*i + 21 + 13, 2*z = 5*i + 27. Let w be 3*(-3 + 2 + 3). What is the remainder when 137/3 + 2/w is divided by z?
14
Let n(p) = 8*p**2 - 16*p + 7. Calculate the remainder when n(7) is divided by 17.
15
Let t be (6/(-9))/((-1)/(-15)). Let q = t - -69. What is the remainder when q is divided by (1 + 0)*(30 + -10)?
19
Let w be ((-6)/9)/((-1)/(-3)). Suppose 50 = -5*y + 5. Calculate the remainder when 44 is divided by 2508/108 - w/y.
21
Let l(i) = 3*i**3 + 3*i**2 + i - 5. Let q be (-7 - -10) + (-1)/1. Calculate the remainder when l(q) is divided by 18.
15
Let l = -24 - -222. Suppose 10*u - 4*u - l = 0. Let h = u - 1. Calculate the remainder when h is divided by 9.
5
Let m(z) be the first derivative of z**2/2 + 33*z - 1. What is the remainder when m(0) is divided by 17?
16
Let q(w) = -w**3 + 12*w**2. Let y be q(12). Suppose 70 = 5*k + 2*v + 3*v, y = -5*k - 2*v + 79. Calculate the remainder when k is divided by 9.
8
Suppose -6*f = -3*d - 11*f + 4, 0 = -3*d - 4*f + 5. Suppose -4*v = -h - 73, -4*v - d*h = -13 - 56. Calculate the remainder when 85 is divided by v.
13
Suppose 0 = 3*w - 5*b - 173, 0*b - 165 = -3*w + 3*b. Calculate the remainder when w is divided by 13.
12
Let m(k) = -k + 5. Let x be m(0). Suppose 95 = 5*q + 5*d, 3*q - 125 = -2*q + x*d. What is the remainder when q is divided by -2*(-12)/(-1 + 4)?
6
Suppose 4*k - 18 = -6. Suppose -4*q + 4*o = -o + 66, -3*q - 63 = 3*o. Let a = q - -25. Calculate the remainder when a is divided by k.
0
Let m(v) = 1. Let g(b) = 3*b + 59. Let n(s) = g(s) - 6*m(s). What is the remainder when n(0) is divided by 28?
25
Suppose -4*d + 5*v - 73 = -187, -4*v - 8 = 0. Let a = d - -1. Calculate the remainder when a is divided by 8.
3
Suppose -12 = 3*s, -a + 16 + 11 = s. Suppose 2*g + 3*g = 45. What is the remainder when a is divided by g?
4
Let r(a) = -7*a - 8. Let m = -13 + 18. Suppose 3*p - 3 = 2*u + 27, -50 = -m*p + u. Calculate the remainder when r(-6) is divided by p.
4
Suppose -2*h = 2*h - 20, -5*u + 25 = -2*h. Let c(t) = -t - 5. Let y be c(u). Let p = 24 + y. Calculate the remainder when 23 is divided by p.
11
Let i = -293 - -374. What is the remainder when i is divided by 21?
18
Suppose u - 16 = -2*g + 3*u, -4*u = -g + 23. Suppose -g*m + 1058 = -c + 3*c, 0 = 3*c - 12. Calculate the remainder when m/21 + (-6)/9 is divided by 9.
7
Let u be (3 - -2 - 2)/1. Suppose 0 = -5*l + u*l + 32. Calculate the remainder when l is divided by 4.
0
Let g(b) be the third derivative of -b**6/120 + b**5/12 - b**4/8 + b**3/6 - 4*b**2. Let y be g(4). 